 - 1/6*o**3 - 1/10*o**5 + 5/2*o**2 + 0. Is q(-5) a prime number?
False
Is (34*-1)/(134/(-1343149)) a prime number?
False
Let j be (-1)/(2*(-1)/12). Suppose 0 = j*h - 600 - 2514. Is h a composite number?
True
Is 3*13901*66/198 a composite number?
False
Let v(p) = 2*p**3 - 2*p**2 - 164*p - 57. Is v(20) composite?
False
Suppose -3*p + 5 = -10. Suppose l + l - 2955 = -p*u, 0 = l - 2*u - 1500. Suppose -223 - l = -3*t. Is t a prime number?
True
Let q = 16 + -25. Let c be (114/q)/(8/(-60)). Let g = 177 - c. Is g a composite number?
True
Is (14/(-49)*1)/(24/(-1055796)) composite?
False
Let w = -1631577 + 2315846. Is w composite?
False
Suppose -9*y + 17*y - 61*y + 1337879 = 0. Is y a prime number?
True
Let m = -326877 - -576163. Is m prime?
False
Let o = -74 - -83. Suppose o*s - 12*s - 360 = 0. Let z = -23 - s. Is z composite?
False
Let g(y) = 204138*y + 265. Is g(2) prime?
False
Suppose v + 5 + 1 = -4*k, -5*v = -k + 9. Let u(o) = -10147*o - 33. Is u(v) a prime number?
True
Suppose -q - 3*l = 6, 0*q + 2 = -q - l. Let o(i) = 6*i - 497. Let s(g) = -6*g + 500. Let k(x) = -7*o(x) - 6*s(x). Is k(q) a composite number?
False
Let z(k) = -2*k**3 - k**2 + 2*k - 9. Let n be 7*9/(2 - -1). Suppose -26*x + n*x - 35 = 0. Is z(x) composite?
True
Let u = 212 + -208. Suppose 5*q - 2*d - 6307 = -3*d, 0 = -u*q + 3*d + 5057. Is q a composite number?
True
Suppose -14*r + 37054 = 7*r - 44993. Is r prime?
True
Let r(t) = 2*t**2 + 12*t + 24. Let k be r(-7). Let g be (k/(-3))/(2*(-4)/96). Let u = g - 46. Is u composite?
True
Let v = 657328 - 320807. Is v prime?
True
Suppose -11*p + 23776 = -15802. Suppose 7*w = p + 11305. Is w prime?
True
Let p(b) = -b**3 + 13*b**2 + 19*b - 70. Let t be p(14). Suppose -3*n - n + 19676 = t. Is n a prime number?
True
Let t(o) = -4*o**2 + 61*o + 54. Let s be t(16). Is (-1 + 308/(-8))/(s/(-1644)) a prime number?
False
Suppose -503248 = -g + 3*p, 3*p = -2*g + 519552 + 486881. Is g prime?
True
Suppose 9929 = f + 3*q, f - 9925 = 4*q - 8*q. Is f composite?
False
Let s(m) = 580*m**3 + m + 29. Is s(4) a composite number?
True
Suppose -24*m + 6*m - 64*m + 8540546 = 0. Is m prime?
False
Let h = 5963 - -39128. Is h composite?
True
Is (-5 + (-30)/(-9))/(60/(-10756764)) a composite number?
False
Let f(s) = -s**2 + 7*s + 7. Let m be f(7). Suppose -3*t - l = -0*t - m, 0 = 2*t + l - 5. Is (3/t)/1 - 1195/(-10) a composite number?
True
Suppose -h - 2*h + 5034016 = 5*a, -2*a - 4*h = -2013626. Is a prime?
True
Suppose 0 = -17*u + 18*u - 8. Suppose -5*r + 11*m = u*m - 10492, -2*m = -4*r + 8394. Is r composite?
False
Let l(s) = 1045*s**2 + 3*s + 4. Let f be l(-1). Suppose 19*b = 531 + f. Is b composite?
False
Let f = 73221 - 49468. Is f a composite number?
False
Let a = -29 - -31. Let l(j) = -44*j + 15. Let z be l(-9). Suppose 5*f = v + z, -3*f - v + 419 = a*f. Is f prime?
True
Let f(w) be the first derivative of -437*w**2/2 + 11*w - 30. Is f(-4) a composite number?
False
Suppose -5*g - 5 = -6*g. Suppose -g*q = 8 - 33, -5*q + 37421 = 4*o. Is o a composite number?
False
Let a(t) = -t**2 - 9*t - 16. Let s be a(-3). Suppose 2*u - s*w - 17558 = 0, -3*u + 2*w + 8239 + 18098 = 0. Is u a composite number?
False
Let c(t) = -t**3 + 15*t**2 + t - 6. Let h be c(15). Suppose -h*a + 10551 = -43566. Is a prime?
False
Let b(c) = -2*c**3 - 9*c**2 + 18*c - 10. Let q = -32 + 72. Let j = -49 + q. Is b(j) composite?
False
Let y(i) = i + 1. Suppose 27*h = 31*h + 4. Let k be y(h). Is (k + -331)*(-5 + 4) a prime number?
True
Suppose 0 = 234*r - 36*r - 9105228. Is r a composite number?
True
Suppose -3*x + 5*l - 4*l + 43 = 0, -l = 5*x - 69. Let n(j) = -j**2 + 7*j + 88. Let d be n(x). Is (-12)/(-30) + ((-13956)/d - -3) prime?
True
Let z = -5766 - -35381. Is z composite?
True
Is -6386*((-175)/(-14) - 13) composite?
True
Let k = -9135 + 66832. Is k prime?
True
Suppose -4*g - 4*v + 4728984 = 0, 0 = -g - 123*v + 126*v + 1182242. Is g a prime number?
False
Let k(n) = 170*n - 6. Let o(g) = -339*g + 12. Let c(y) = -5*k(y) - 3*o(y). Suppose 57*i - 12 = 53*i - 4*s, 0 = 4*i - 3*s - 19. Is c(i) a prime number?
False
Is (-56)/8 + 163937 - 11 prime?
False
Let a = 63 - 61. Suppose -2*f - 4*x = -3*f - 32, -a*f + 2*x - 34 = 0. Is -2*(2 - 99) + f/4 a composite number?
False
Suppose 43*a = 41*a - 4. Let s(u) = -7*u**2 - 4*u + 233. Let k(t) = 3*t**2 + 2*t - 117. Let q(o) = a*s(o) - 5*k(o). Is q(0) prime?
False
Suppose y + 0*u + 513 = 5*u, -u - 2695 = 5*y. Let t = y - -1187. Is t prime?
False
Suppose -2*v - 154 = 4*k, 5*k - 4*v + 16 = -196. Let l be (-32)/k*(-30)/(-4). Let o(b) = 30*b - 2. Is o(l) prime?
False
Let i(p) = -6*p**3 - 2*p**2 + 1. Let t be i(-1). Suppose 3*c - 16 = -t*z, 2*z = 2*c - 6*c + 12. Suppose -b - c*b = -1413. Is b a prime number?
False
Let w = 402206 + 365471. Is w composite?
False
Let c be (3 + 0)*2/3. Suppose 2*i + 2*i + c*w = 3412, 5*i + 5*w - 4265 = 0. Suppose -2*m + i = -129. Is m prime?
True
Is ((-157)/471)/((-3)/1131111) a prime number?
False
Let z be (2 - 1)*(-1 - -6). Suppose 0 = z*i - 17*i + 139980. Is i prime?
False
Suppose 6288035 = -279*t + 344*t. Is t a prime number?
True
Suppose 624*p - 4585489 = 593*p. Is p composite?
False
Let j = -95 + 87. Let g be ((-324)/(-48) - 2/j)/(-1). Is (g + 6)*(-1135 + (1 - 1)) a prime number?
False
Is (324566/33)/((-308)/(-60) + -5) a prime number?
False
Let f(m) = 581*m**2 - 243*m - 157. Is f(-21) a composite number?
False
Suppose -1073*f = -1084*f + 300289. Is f composite?
False
Let j = -184 - -182. Is ((-2 + 0)/j)/(14/1106) prime?
True
Let k(n) = 1181*n**2 - 20*n + 36. Let y be k(2). Let r = -1971 + y. Is r composite?
False
Let b = -84395 + 254380. Is b prime?
False
Let n(u) = 914*u**2 - 7*u - 21. Let y = 129 + -132. Let r(k) = -912*k**2 + 8*k + 20. Let b(c) = y*n(c) - 4*r(c). Is b(-2) prime?
False
Suppose -7111*h = -7107*h - n - 152873, 0 = -4*h - 4*n + 152888. Is h composite?
False
Suppose 6*y + 2*h = y - 6, -12 = 4*h. Is (-1 - y)/(-2)*(1784 + 2) a composite number?
True
Suppose 0 = -v - 3, 2*b - 4*v - 36253 = v. Is b prime?
True
Let u be (3/9)/(1 + 17/(-18)). Suppose -b + 4*z + 16 = 0, -u*b + b - 4 = z. Is (-331)/(-1) + 3 - b prime?
False
Let h = 15926 + -10838. Suppose -h = -8*t - 568. Is t a composite number?
True
Suppose -4*o = -2*o + 4*a - 1622, 0 = 2*o + 5*a - 1620. Suppose o = -2*y + 3*y + t, 3*y = t + 2449. Let c = y + -403. Is c composite?
True
Let a = 34 + -27. Let q = 11 - a. Suppose 761 = q*v - 2*v + 3*f, -2*v = f - 751. Is v a prime number?
True
Let v(z) = 670*z**2 + z + 8. Let f = 425 - 430. Is v(f) composite?
True
Let w(f) = 70*f + 3. Let s(o) = -4*o. Let d(x) = s(x) - w(x). Let v(c) = -2*c**2 - 3*c - 1. Let b be v(-2). Is d(b) a composite number?
True
Suppose c + 5*d + 25 = 5*c, 0 = 2*c + 5*d - 5. Suppose -c*n + 8587 = -q, 4*n + 427 = 4*q + 7303. Is n a composite number?
True
Let b(a) = -2073*a - 1852. Is b(-7) prime?
True
Suppose 1418*r = z + 1416*r - 392101, -z + 4*r = -392115. Is z a composite number?
False
Suppose 7*v + 5*l + 33 = 0, 0 = -2*v - 0*l - 3*l. Let t(k) be the second derivative of -k**5/10 - 13*k**4/12 - 5*k**3/2 - 19*k**2/2 - k. Is t(v) a prime number?
True
Let g(i) = -2*i**2 + 182*i - 317. Is g(67) prime?
False
Let r(v) = -v**3 + 10*v**2 + 5*v - 48. Let h be r(11). Is ((-3)/2)/(h/14516) prime?
True
Let i = 56572 - 18621. Is i a prime number?
True
Let d(r) = 7*r**2 + 3. Let x be d(2). Suppose 15*w = x*w - 189136. Is w a prime number?
True
Let f(q) = 29*q**2 - 4*q - 9. Suppose 3*g + 2*k + 20 = 0, 7*k = -2*g + 3*k - 24. Is f(g) a prime number?
False
Let h(b) = 8613*b - 19. Let d be h(7). Suppose -5*n = -l - d, -2*n + 5*l + 60260 = 3*n. Is n a composite number?
True
Let z(j) = -5*j - 32. Let h be z(-5). Let p be 8833/2*(-3 - h). Suppose 4*y - p = -2*q, -2*y + 2*q + 17670 = 2*y. Is y prime?
False
Let i(x) = -20964*x + 2123. Is i(-6) prime?
False
Let m(r) = r**3 - 23*r**2 + 48*r - 113. Let k be m(21). Suppose 24944 = k*b + 3*b. Is b composite?
False
Let d be (1199 - 35)*28/6. Let k = -2827 + d. Is k a prime number?
False
Let l(z) = z**3 - 43*z**2 - 76*z + 39. Is l(47) a composite number?
False
Suppose -5*d = 6*d + 55. Let b be 2795/((-4 - d)/(-3)). Is b/(-52) - 1/4 a composite number?
True
Is 531140 + ((-2)/2)/((-1)/(-7)) composite?
False
Suppose -2*v = -4*o - 36, 37*v - o = 39*v - 46. Is -37767*20/(-44) - (-4)